de 24137788?
False
Is 251104008 a multiple of 309?
False
Does 74 divide 2526967244?
True
Is 70 a factor of 3338930?
True
Does 13 divide 54941462?
False
Does 40 divide 9840443?
False
Is 264747275 a multiple of 13?
True
Does 92 divide 2105972?
True
Is 7 a factor of 366189090?
False
Is 19392721 a multiple of 5?
False
Is 457140698 a multiple of 1946?
True
Is 77743118 a multiple of 1109?
True
Is 16 a factor of 3312010586?
False
Is 20 a factor of 52613738?
False
Is 1012504556 a multiple of 9876?
False
Is 967 a factor of 170785841?
False
Is 897 a factor of 493936638?
True
Is 404309226 a multiple of 12?
False
Does 13 divide 3735841371?
False
Is 31 a factor of 19646494?
False
Is 112411740 a multiple of 20?
True
Is 14 a factor of 41833406?
False
Is 33462109 a multiple of 350?
False
Is 12 a factor of 2379864300?
True
Is 98 a factor of 261467234?
True
Does 18 divide 14867406?
True
Is 2262 a factor of 70155930?
True
Is 1450625 a multiple of 493?
False
Is 1347 a factor of 341212706?
False
Is 6 a factor of 2754376230?
True
Does 414 divide 6833898?
True
Is 48 a factor of 160386672?
True
Is 45 a factor of 965911704?
False
Does 22 divide 468003734?
True
Is 88122410 a multiple of 285?
False
Is 1593351012 a multiple of 44?
True
Is 1258131636 a multiple of 108?
True
Is 409 a factor of 34584631?
True
Is 17991583 a multiple of 596?
False
Is 3 a factor of 949182?
True
Is 189 a factor of 41784876?
True
Does 2072 divide 2821840224?
True
Does 112 divide 89944288?
True
Is 38274104 a multiple of 88?
True
Does 4 divide 1614370?
False
Is 338705773 a multiple of 17?
True
Is 6 a factor of 72584382?
True
Is 222 a factor of 14173238?
False
Is 18409545 a multiple of 55?
True
Is 115441461 a multiple of 415?
False
Is 63633388 a multiple of 364?
True
Is 1081182042 a multiple of 342?
True
Is 125 a factor of 6350385?
False
Is 43337646 a multiple of 9?
True
Is 4088781 a multiple of 15?
False
Is 16808260 a multiple of 20?
True
Does 6 divide 17945730?
True
Does 31 divide 610089218?
False
Is 2 a factor of 218480744?
True
Does 10 divide 130994649?
False
Is 827096214 a multiple of 21?
True
Does 2664 divide 77316135?
False
Does 3217 divide 1547855596?
False
Is 663552163 a multiple of 9?
False
Is 59 a factor of 614122622?
True
Does 9 divide 67021551?
True
Is 72588 a multiple of 4?
True
Is 99 a factor of 119746934?
False
Is 5 a factor of 672090?
True
Does 2356 divide 573717235?
False
Does 89 divide 59868912?
False
Does 198 divide 729541692?
True
Is 77142753 a multiple of 510?
False
Is 22073688 a multiple of 1404?
True
Is 302346053 a multiple of 2?
False
Is 10 a factor of 1099140786?
False
Does 7 divide 60578196?
True
Does 36 divide 12512016?
True
Is 58603243 a multiple of 401?
False
Does 15 divide 20708835?
True
Is 1817 a factor of 7653527?
False
Is 91285812 a multiple of 458?
True
Does 20 divide 10275163?
False
Is 16600480 a multiple of 2772?
False
Is 8 a factor of 20670816?
True
Is 41883337 a multiple of 1071?
False
Does 346 divide 20657584?
True
Does 67 divide 937944256?
True
Does 134 divide 814199544?
True
Is 8 a factor of 1075372720?
True
Is 34 a factor of 99586442?
True
Does 991 divide 2683712235?
True
Is 26996091 a multiple of 3?
True
Is 19277152 a multiple of 8?
True
Is 15 a factor of 255765135?
True
Is 311264416 a multiple of 5?
False
Is 106 a factor of 60521442?
True
Does 2193 divide 769918440?
True
Does 18 divide 151702884?
True
Does 8079 divide 4421428407?
False
Does 359 divide 4302450937?
True
Is 948 a factor of 883874778?
False
Does 3 divide 18230538?
True
Is 215 a factor of 439546430?
True
Is 147 a factor of 605601192?
True
Is 4233 a factor of 353001872?
False
Is 528614998 a multiple of 15?
False
Is 682 a factor of 32819709?
False
Does 236 divide 1457355696?
True
Is 68 a factor of 26354196?
False
Does 5 divide 16281355?
True
Is 170 a factor of 272947044?
False
Is 344 a factor of 9133366?
False
Does 27 divide 3285224460?
True
Is 13 a factor of 57390547?
False
Is 593 a factor of 26293530?
False
Does 2849 divide 3205421296?
True
Is 154953090 a multiple of 290?
True
Does 386 divide 693130936?
True
Is 49600279 a multiple of 232?
False
Is 182592020 a multiple of 7?
False
Is 92408817 a multiple of 123?
False
Is 1024 a factor of 119554809?
False
Does 170 divide 3893433655?
False
Does 56 divide 240415672?
True
Is 129620310 a multiple of 337?
True
Is 212284224 a multiple of 404?
True
Is 8665258 a multiple of 58?
True
Does 83 divide 1930492?
False
Is 74504448 a multiple of 64?
True
Is 33 a factor of 829027314?
False
Is 2829002247 a multiple of 279?
True
Does 56 divide 94148656?
True
Does 540 divide 9795180?
False
Is 11 a factor of 4714389?
False
Is 86816880 a multiple of 12?
True
Is 218722513 a multiple of 2799?
False
Is 20 a factor of 1912816349?
False
Does 13 divide 1219603966?
False
Is 5203 a factor of 32784103?
True
Is 2072 a factor of 223382320?
True
Is 582347 a multiple of 2?
False
Is 67 a factor of 1155517953?
False
Is 21194865 a multiple of 177?
True
Is 5 a factor of 7812293?
False
Is 8845968 a multiple of 24?
True
Does 464 divide 17635248?
True
Does 12 divide 3113360352?
True
Is 202407540 a multiple of 6?
True
Is 13 a factor of 850810766?
True
Is 167540126 a multiple of 26?
True
Is 384915072 a multiple of 12?
True
Is 476 a factor of 1224621384?
True
Is 3 a factor of 630666086?
False
Is 711160599 a multiple of 1211?
False
Does 5797 divide 2928335778?
False
Does 42 divide 1247542758?
True
Is 52001799 a multiple of 5?
False
Is 86131332 a multiple of 84?
True
Is 1031557499 a multiple of 98?
False
Is 25413470 a multiple of 689?
False
Is 3506 a factor of 101110262?
False
Is 2 a factor of 4544279?
False
Does 46 divide 16603261?
False
Does 448 divide 857915968?
True
Is 10367 a factor of 297159688?
True
Does 312 divide 479453445?
False
Is 13327730 a multiple of 130?
True
Is 664080047 a multiple of 427?
False
Is 279 a factor of 2106662600?
False
Is 10359360 a multiple of 16?
True
Does 455 divide 2064718752?
False
Is 8 a factor of 63456960?
True
Does 34 divide 61149612?
True
Is 2648625758 a multiple of 113?
True
Is 21 a factor of 1345817?
False
Is 2165185994 a multiple of 383?
False
Is 2995 a factor of 205970856?
False
Is 3 a factor of 37048660?
False
Is 99 a factor of 179407091?
False
Does 1557 divide 111869314?
False
Is 2464 a factor of 83707008?
True
Is 389 a factor of 34998719?
True
Does 1410 divide 1423753931?
False
Is 356076923 a multiple of 2878?
False
Is 86 a factor of 85849844?
True
Is 9 a factor of 9257199?
False
Is 5 a factor of 61816759?
False
Is 293353884 a multiple of 94?
True
Is 663928608 a multiple of 68?
True
Does 71 divide 389109820?
True
Is 401 a factor of 24850601?
False
Is 1801 a factor of 1397757901?
True
Does 10 divide 5216270?
True
Does 5069 divide 1223823877?
True
Is 1852 a factor of 1674757955?
False
Is 52 a factor of 23013900?
True
Is 1952 a factor of 672090323?
False
Is 25541837 a multiple of 59?
False
Is 36 a factor of 602146296?
True
Is 63 a factor of 7082320?
False
Is 999785592 a multiple of 13?
True
Is 37 a factor of 84048324?
False
Does 681 divide 681681?
True
Does 31 divide 58706304?
False
Is 116287041 a multiple of 15?
False
Does 80 divide 209036223?
False
Is 68087448 a multiple of 1122?
True
Is 6994924 a multiple of 148?
True
Is 24 a factor of 89449875?
False
Does 89 divide 8357189?
True
Is 672 a factor of 276513216?
True
Is 48891902 a multiple of 3156?
False
Is 340990967 a multiple of 943?
False
Is 42864030 a multiple of 22?
True
Is 43 a factor of 1023750132?
False
Is 52 a factor of 26991068?
True
Does 17 divide 34227280?
False
Is 219 a factor of 26836240?
False
Does 34 divide 482712246?
True
Is 193485061 a multiple of 1891?
False
Does 3 divide 41114373?
True
Does 1417 divide 842378160?
True
Does 1342 divide 3296228296?
False
Is 35 a factor of 51011520?
True
Does 7 divide 83915515?
False
Is 310187799 a multiple of 81?
True
Is 809573680 a multiple of 4?
True
Is 28 a factor of 158916166?
False
Is 39 a factor of 540259590?
True
Is 67103268 a multiple of 53?
False
Does 129 divide 16347654?
True
Is 23 a factor of 48455227?
True
Does 5 divide 23803670?
True
Is 1579 a factor of 232117681?
False
Is 12 a factor of 265552992?
True
Does 2 divide 8039703?
False
Does 12 divide 1272870744?
True
Is 75401314 a multiple of 1601?
False
Is 226954728 a multiple of 4277